{"id":102,"date":"2015-05-29T01:57:26","date_gmt":"2015-05-29T01:57:26","guid":{"rendered":"http:\/\/localhost:8888\/pugo_wp\/?page_id=102"},"modified":"2021-09-24T14:51:25","modified_gmt":"2021-09-24T12:51:25","slug":"solarteststand","status":"publish","type":"page","link":"https:\/\/puchegger.com\/?page_id=102","title":{"rendered":"Solarteststand"},"content":{"rendered":"<div  class='flex_column av-19sg7q-f784c02fabc19caf726af9c5841f169c av_one_full  avia-builder-el-0  el_before_av_one_half  avia-builder-el-first  first flex_column_div  '     ><p>\n<style type=\"text\/css\" data-created_by=\"avia_inline_auto\" id=\"style-css-av-159vla-67a7d3c974f366f5a33b055e98929b08\">\n#top .av-special-heading.av-159vla-67a7d3c974f366f5a33b055e98929b08{\npadding-bottom:10px;\n}\nbody .av-special-heading.av-159vla-67a7d3c974f366f5a33b055e98929b08 .av-special-heading-tag .heading-char{\nfont-size:25px;\n}\n.av-special-heading.av-159vla-67a7d3c974f366f5a33b055e98929b08 .av-subheading{\nfont-size:15px;\n}\n<\/style>\n<div  class='av-special-heading av-159vla-67a7d3c974f366f5a33b055e98929b08 av-special-heading-h2 blockquote modern-quote  avia-builder-el-1  el_before_av_hr  avia-builder-el-first '><h2 class='av-special-heading-tag '  itemprop=\"headline\"  >Solarteststand<\/h2><div class=\"special-heading-border\"><div class=\"special-heading-inner-border\"><\/div><\/div><\/div><br \/>\n\n<style type=\"text\/css\" data-created_by=\"avia_inline_auto\" id=\"style-css-av-w46ri-45520f5dc3b373bb0a1f027b75d8792b\">\n#top .hr.hr-invisible.av-w46ri-45520f5dc3b373bb0a1f027b75d8792b{\nmargin-top:-22px;\nheight:1px;\n}\n<\/style>\n<div  class='hr av-w46ri-45520f5dc3b373bb0a1f027b75d8792b hr-invisible  avia-builder-el-2  el_after_av_heading  avia-builder-el-last '><span class='hr-inner '><span class=\"hr-inner-style\"><\/span><\/span><\/div><\/p><\/div>\n<div  class='flex_column av-pfq4m-5b7ea356331c0757e20850b5337ea3b0 av_one_half  avia-builder-el-3  el_after_av_one_full  el_before_av_two_fifth  first flex_column_div  column-top-margin'     ><section  class='av_textblock_section av-lifpi-4029632eee2baf64051229b047d9610e '   itemscope=\"itemscope\" itemtype=\"https:\/\/schema.org\/CreativeWork\" ><div class='avia_textblock'  itemprop=\"text\" ><p>Zur Qualit\u00e4ts-Pr\u00fcfung von Solarzellen wurde in Zusammenarbeit mit dem Austrian Institute of Technology GMBH (AIT), Energy Department Photovoltaic Systems, dieser Pr\u00fcfstand entwickelt.<\/p>\n<p>Dieser Pr\u00fcfstand verf\u00fcgt \u00fcber eine Vakuumspannvorrichtung auf der die Solarzelle einfach und rasch fixiert werden kann. \u00dcber 3 Kontaktierungsk\u00e4mme, die \u00fcber der Solarzelle beliebig positioniert und auf diese abgesenkt werden k\u00f6nnen, kann durch gleichzeitige Messung von photovoltaisch generierter Spannung und dem zugeh\u00f6rigen Strom eine lokale U\/I-Kennlinie des SI-Materials aufgenommen werden, wobei die Solarzelle dazu von oben mit einer intensiven standardisierten Lichtquelle beleuchtet wird. Die dabei erzielten Ergebnisse werden mit den Ergebnissen einer Referenzzelle (Bildmitte, schwarz) verglichen, die von der gleichen Lichtquelle beleuchtet wird.<\/p>\n<\/div><\/section><\/div>\n<div  class='flex_column av-eyh3y-9b454db174892a405ae054925335ede4 av_two_fifth  avia-builder-el-5  el_after_av_one_half  avia-builder-el-last  flex_column_div  column-top-margin'     ><style type=\"text\/css\" data-created_by=\"avia_inline_auto\" id=\"style-css-av-8zkzy-c3c9eec3e4f345579f2467f167231aeb\">\n.avia-image-container.av-8zkzy-c3c9eec3e4f345579f2467f167231aeb img.avia_image{\nbox-shadow:none;\n}\n.avia-image-container.av-8zkzy-c3c9eec3e4f345579f2467f167231aeb .av-image-caption-overlay-center{\ncolor:#ffffff;\n}\n<\/style>\n<div  class='avia-image-container av-8zkzy-c3c9eec3e4f345579f2467f167231aeb av-styling- av-img-linked avia-align-left  avia-builder-el-6  avia-builder-el-no-sibling '   itemprop=\"image\" itemscope=\"itemscope\" itemtype=\"https:\/\/schema.org\/ImageObject\" ><div class=\"avia-image-container-inner\"><div class=\"avia-image-overlay-wrap\"><a href=\"https:\/\/puchegger.com\/wp-content\/uploads\/2021\/09\/img_Solarteststand1.jpg\" data-srcset=\"https:\/\/puchegger.com\/wp-content\/uploads\/2021\/09\/img_Solarteststand1.jpg 1024w, https:\/\/puchegger.com\/wp-content\/uploads\/2021\/09\/img_Solarteststand1-300x187.jpg 300w, https:\/\/puchegger.com\/wp-content\/uploads\/2021\/09\/img_Solarteststand1-768x479.jpg 768w, https:\/\/puchegger.com\/wp-content\/uploads\/2021\/09\/img_Solarteststand1-705x439.jpg 705w\" data-sizes=\"(max-width: 1024px) 100vw, 1024px\" class='avia_image '  aria-label='img_Solarteststand1'><img decoding=\"async\" fetchpriority=\"high\" class='wp-image-1076 avia-img-lazy-loading-not-1076 avia_image ' src=\"https:\/\/puchegger.com\/wp-content\/uploads\/2021\/09\/img_Solarteststand1.jpg\" alt='' title='img_Solarteststand1'  height=\"638\" width=\"1024\"  itemprop=\"thumbnailUrl\" srcset=\"https:\/\/puchegger.com\/wp-content\/uploads\/2021\/09\/img_Solarteststand1.jpg 1024w, https:\/\/puchegger.com\/wp-content\/uploads\/2021\/09\/img_Solarteststand1-300x187.jpg 300w, https:\/\/puchegger.com\/wp-content\/uploads\/2021\/09\/img_Solarteststand1-768x479.jpg 768w, https:\/\/puchegger.com\/wp-content\/uploads\/2021\/09\/img_Solarteststand1-705x439.jpg 705w\" sizes=\"(max-width: 1024px) 100vw, 1024px\" \/><\/a><\/div><\/div><\/div><\/div>\n","protected":false},"excerpt":{"rendered":"","protected":false},"author":1,"featured_media":0,"parent":0,"menu_order":0,"comment_status":"open","ping_status":"open","template":"","meta":{"footnotes":""},"class_list":["post-102","page","type-page","status-publish","hentry"],"_links":{"self":[{"href":"https:\/\/puchegger.com\/index.php?rest_route=\/wp\/v2\/pages\/102","targetHints":{"allow":["GET"]}}],"collection":[{"href":"https:\/\/puchegger.com\/index.php?rest_route=\/wp\/v2\/pages"}],"about":[{"href":"https:\/\/puchegger.com\/index.php?rest_route=\/wp\/v2\/types\/page"}],"author":[{"embeddable":true,"href":"https:\/\/puchegger.com\/index.php?rest_route=\/wp\/v2\/users\/1"}],"replies":[{"embeddable":true,"href":"https:\/\/puchegger.com\/index.php?rest_route=%2Fwp%2Fv2%2Fcomments&post=102"}],"version-history":[{"count":2,"href":"https:\/\/puchegger.com\/index.php?rest_route=\/wp\/v2\/pages\/102\/revisions"}],"predecessor-version":[{"id":1128,"href":"https:\/\/puchegger.com\/index.php?rest_route=\/wp\/v2\/pages\/102\/revisions\/1128"}],"wp:attachment":[{"href":"https:\/\/puchegger.com\/index.php?rest_route=%2Fwp%2Fv2%2Fmedia&parent=102"}],"curies":[{"name":"wp","href":"https:\/\/api.w.org\/{rel}","templated":true}]}}