{"id":65,"date":"2015-05-29T01:53:49","date_gmt":"2015-05-29T01:53:49","guid":{"rendered":"http:\/\/localhost:8888\/pugo_wp\/?page_id=65"},"modified":"2021-09-30T16:15:51","modified_gmt":"2021-09-30T14:15:51","slug":"automatisierungsvorrichtungen","status":"publish","type":"page","link":"https:\/\/puchegger.com\/?page_id=65","title":{"rendered":"Automatisierungsvorrichtungen"},"content":{"rendered":"<div  class='flex_column av-1lx5-ea3e57c33397e0e9157d0288eaf68d69 av_one_full  avia-builder-el-0  el_before_av_one_half  avia-builder-el-first  first flex_column_div  '     ><p>\n<style type=\"text\/css\" data-created_by=\"avia_inline_auto\" id=\"style-css-av-eugp-c74716970953dd69131c5407f1c658c6\">\n#top .av-special-heading.av-eugp-c74716970953dd69131c5407f1c658c6{\npadding-bottom:10px;\n}\nbody .av-special-heading.av-eugp-c74716970953dd69131c5407f1c658c6 .av-special-heading-tag .heading-char{\nfont-size:25px;\n}\n.av-special-heading.av-eugp-c74716970953dd69131c5407f1c658c6 .av-subheading{\nfont-size:15px;\n}\n<\/style>\n<div  class='av-special-heading av-eugp-c74716970953dd69131c5407f1c658c6 av-special-heading-h2 blockquote modern-quote  avia-builder-el-1  el_before_av_hr  avia-builder-el-first '><h2 class='av-special-heading-tag '  itemprop=\"headline\"  >Automatisierungsvorrichtungen<\/h2><div class=\"special-heading-border\"><div class=\"special-heading-inner-border\"><\/div><\/div><\/div><br \/>\n\n<style type=\"text\/css\" data-created_by=\"avia_inline_auto\" id=\"style-css-av-3glxh-413bf97161b407fe309ada19c5e1fd1a\">\n#top .hr.hr-invisible.av-3glxh-413bf97161b407fe309ada19c5e1fd1a{\nmargin-top:-22px;\nheight:1px;\n}\n<\/style>\n<div  class='hr av-3glxh-413bf97161b407fe309ada19c5e1fd1a hr-invisible  avia-builder-el-2  el_after_av_heading  avia-builder-el-last '><span class='hr-inner '><span class=\"hr-inner-style\"><\/span><\/span><\/div><\/p><\/div>\n<div  class='flex_column av-2hyed-2c9ce1e8a08b1e01d59b1ed8cfcee820 av_one_half  avia-builder-el-3  el_after_av_one_full  el_before_av_two_fifth  first flex_column_div  column-top-margin'     ><section  class='av_textblock_section av-202ht-f1ab0df97b293ae921d1c1116ad3257b '   itemscope=\"itemscope\" itemtype=\"https:\/\/schema.org\/CreativeWork\" ><div class='avia_textblock'  itemprop=\"text\" ><h4>Wir bieten<\/h4>\n<ul>\n<li>Entwicklung und Bau von Produktionsvorrichtungen<\/li>\n<li>Entwicklung und Bau von\u00a0Automatisierungsvorrichtungen<\/li>\n<li>Entwicklung und Bau von Testst\u00e4nden<\/li>\n<\/ul>\n<p>Siehe auch <a href=\"https:\/\/puchegger.com\/?page_id=93\">Montage- und Pr\u00fcfvorrichtungen<\/a><\/p>\n<p>Vorrichtungen helfen die Effizienz in der Produktion zu steigern und die Qualit\u00e4t zu stabilisieren. Daher sind Vorrichtungen im Produktionsbereich unerl\u00e4sslich. Wir entwickeln Vorrichtungen nicht nur f\u00fcr unsere eigenen Produktionsanlagen sondern auch f\u00fcr Kunden. Dabei handelt es sich nicht nur um Vorrichtungen f\u00fcr Werkzeugmaschinen sondern auch um Vorrichtungen zum Justieren, Messen und Pr\u00fcfen.<\/p>\n<h4><\/h4>\n<\/div><\/section><\/div>\n<div  class='flex_column av-1kzo5-2947c03a6485ae6973e0db174d05f5d8 av_two_fifth  avia-builder-el-5  el_after_av_one_half  avia-builder-el-last  flex_column_div  column-top-margin'     ><style type=\"text\/css\" data-created_by=\"avia_inline_auto\" id=\"style-css-av-1565d-6f4cd0777a2a0d9c5713b3e82fac2925\">\n.avia-image-container.av-1565d-6f4cd0777a2a0d9c5713b3e82fac2925 img.avia_image{\nbox-shadow:none;\n}\n.avia-image-container.av-1565d-6f4cd0777a2a0d9c5713b3e82fac2925 .av-image-caption-overlay-center{\ncolor:#ffffff;\n}\n<\/style>\n<div  class='avia-image-container av-1565d-6f4cd0777a2a0d9c5713b3e82fac2925 av-styling- av-img-linked avia-align-left  avia-builder-el-6  avia-builder-el-no-sibling '   itemprop=\"image\" itemscope=\"itemscope\" itemtype=\"https:\/\/schema.org\/ImageObject\" ><div class=\"avia-image-container-inner\"><div class=\"avia-image-overlay-wrap\"><a href=\"https:\/\/puchegger.com\/wp-content\/uploads\/2021\/09\/img_pugo_prodvorr-1.jpg\" data-srcset=\"https:\/\/puchegger.com\/wp-content\/uploads\/2021\/09\/img_pugo_prodvorr-1.jpg 1024w, https:\/\/puchegger.com\/wp-content\/uploads\/2021\/09\/img_pugo_prodvorr-1-300x187.jpg 300w, https:\/\/puchegger.com\/wp-content\/uploads\/2021\/09\/img_pugo_prodvorr-1-768x479.jpg 768w, https:\/\/puchegger.com\/wp-content\/uploads\/2021\/09\/img_pugo_prodvorr-1-705x439.jpg 705w\" data-sizes=\"(max-width: 1024px) 100vw, 1024px\" class='avia_image '  aria-label='img_pugo_prodvorr-1'><img decoding=\"async\" fetchpriority=\"high\" class='wp-image-1049 avia-img-lazy-loading-not-1049 avia_image ' src=\"https:\/\/puchegger.com\/wp-content\/uploads\/2021\/09\/img_pugo_prodvorr-1.jpg\" alt='' title='img_pugo_prodvorr-1'  height=\"638\" width=\"1024\"  itemprop=\"thumbnailUrl\" srcset=\"https:\/\/puchegger.com\/wp-content\/uploads\/2021\/09\/img_pugo_prodvorr-1.jpg 1024w, https:\/\/puchegger.com\/wp-content\/uploads\/2021\/09\/img_pugo_prodvorr-1-300x187.jpg 300w, https:\/\/puchegger.com\/wp-content\/uploads\/2021\/09\/img_pugo_prodvorr-1-768x479.jpg 768w, https:\/\/puchegger.com\/wp-content\/uploads\/2021\/09\/img_pugo_prodvorr-1-705x439.jpg 705w\" sizes=\"(max-width: 1024px) 100vw, 1024px\" \/><\/a><\/div><\/div><\/div><\/div>\n","protected":false},"excerpt":{"rendered":"","protected":false},"author":1,"featured_media":0,"parent":0,"menu_order":0,"comment_status":"open","ping_status":"open","template":"","meta":{"footnotes":""},"class_list":["post-65","page","type-page","status-publish","hentry"],"_links":{"self":[{"href":"https:\/\/puchegger.com\/index.php?rest_route=\/wp\/v2\/pages\/65","targetHints":{"allow":["GET"]}}],"collection":[{"href":"https:\/\/puchegger.com\/index.php?rest_route=\/wp\/v2\/pages"}],"about":[{"href":"https:\/\/puchegger.com\/index.php?rest_route=\/wp\/v2\/types\/page"}],"author":[{"embeddable":true,"href":"https:\/\/puchegger.com\/index.php?rest_route=\/wp\/v2\/users\/1"}],"replies":[{"embeddable":true,"href":"https:\/\/puchegger.com\/index.php?rest_route=%2Fwp%2Fv2%2Fcomments&post=65"}],"version-history":[{"count":2,"href":"https:\/\/puchegger.com\/index.php?rest_route=\/wp\/v2\/pages\/65\/revisions"}],"predecessor-version":[{"id":1203,"href":"https:\/\/puchegger.com\/index.php?rest_route=\/wp\/v2\/pages\/65\/revisions\/1203"}],"wp:attachment":[{"href":"https:\/\/puchegger.com\/index.php?rest_route=%2Fwp%2Fv2%2Fmedia&parent=65"}],"curies":[{"name":"wp","href":"https:\/\/api.w.org\/{rel}","templated":true}]}}