{"id":84,"date":"2015-05-29T01:55:38","date_gmt":"2015-05-29T01:55:38","guid":{"rendered":"http:\/\/localhost:8888\/pugo_wp\/?page_id=84"},"modified":"2021-09-27T14:13:57","modified_gmt":"2021-09-27T12:13:57","slug":"lichtleiter","status":"publish","type":"page","link":"https:\/\/puchegger.com\/?page_id=84","title":{"rendered":"Lichtleiter"},"content":{"rendered":"<div  class='flex_column av-5wfio-adf65ca4240c5afe60f53354b27a20bf av_one_full  avia-builder-el-0  el_before_av_one_half  avia-builder-el-first  first flex_column_div  '     ><p>\n<style type=\"text\/css\" data-created_by=\"avia_inline_auto\" id=\"style-css-av-51wzg-d7ed63e99fe0529d809b70fcfda3f100\">\n#top .av-special-heading.av-51wzg-d7ed63e99fe0529d809b70fcfda3f100{\npadding-bottom:10px;\n}\nbody .av-special-heading.av-51wzg-d7ed63e99fe0529d809b70fcfda3f100 .av-special-heading-tag .heading-char{\nfont-size:25px;\n}\n.av-special-heading.av-51wzg-d7ed63e99fe0529d809b70fcfda3f100 .av-subheading{\nfont-size:15px;\n}\n<\/style>\n<div  class='av-special-heading av-51wzg-d7ed63e99fe0529d809b70fcfda3f100 av-special-heading-h2 blockquote modern-quote  avia-builder-el-1  el_before_av_hr  avia-builder-el-first '><h2 class='av-special-heading-tag '  itemprop=\"headline\"  >Lichtleiter<\/h2><div class=\"special-heading-border\"><div class=\"special-heading-inner-border\"><\/div><\/div><\/div><br \/>\n\n<style type=\"text\/css\" data-created_by=\"avia_inline_auto\" id=\"style-css-av-4dujs-cb052a0a17e0b63159f68aed40de2af0\">\n#top .hr.hr-invisible.av-4dujs-cb052a0a17e0b63159f68aed40de2af0{\nmargin-top:-22px;\nheight:1px;\n}\n<\/style>\n<div  class='hr av-4dujs-cb052a0a17e0b63159f68aed40de2af0 hr-invisible  avia-builder-el-2  el_after_av_heading  avia-builder-el-last '><span class='hr-inner '><span class=\"hr-inner-style\"><\/span><\/span><\/div><\/p><\/div>\n<div  class='flex_column av-1bzc-0f475cd0bec542648e2064d43d740188 av_one_half  avia-builder-el-3  el_after_av_one_full  el_before_av_one_half  first flex_column_div  column-top-margin'     ><section  class='av_textblock_section av-3glbs-47d3245c4b8dff165df29080bea6b4b4 '   itemscope=\"itemscope\" itemtype=\"https:\/\/schema.org\/CreativeWork\" ><div class='avia_textblock'  itemprop=\"text\" ><h4><strong>Wir bieten<\/strong><\/h4>\n<ul>\n<li>Unterst\u00fctzung bei der Erstellung der Spezifikation des Lichtleiters<\/li>\n<li>Design des Lichtleiters, inkl. Anfertigung eines 3D-Modells und einer Zeichnung<\/li>\n<li>Fertigung eines Prototypenlichtleiters bei einem unserer Partner<\/li>\n<\/ul>\n<p>Wir helfen unseren Kunden Lichtleiter-B\u00fcndel zu entwickeln die ma\u00dfgeschneidert auf Ihre Anwendungen sind. Dabei spielen Lichtleitermaterial (PMMA, Glas, Quarz), B\u00fcndel-Geometrie an den Endst\u00fccken (rund, quadratisch, echteckig) sowie m\u00f6gliche Referenzarme ein Rolle. Wir entwickeln zusammen mit unserem Kunden das Lichtleiterb\u00fcndel und geben dieses auch gerne bei unseren Partnern zur Fertigung in Auftrag. Die Anwendungsbereiche derartiger Lichtleiter reichen von der Photometrie und Fluorometrie bis zu FPGs.<\/p>\n<h4><\/h4>\n<\/div><\/section><\/div>\n<div  class='flex_column av-2twfg-e5031f2c467d1fdaa7536687fc4c2a5f av_one_half  avia-builder-el-5  el_after_av_one_half  avia-builder-el-last  flex_column_div  column-top-margin'     ><p>\n<style type=\"text\/css\" data-created_by=\"avia_inline_auto\" id=\"style-css-av-1xido-1a69df4f3411aeb6503ade09e52ddc31\">\n.avia-image-container.av-1xido-1a69df4f3411aeb6503ade09e52ddc31 img.avia_image{\nbox-shadow:none;\n}\n.avia-image-container.av-1xido-1a69df4f3411aeb6503ade09e52ddc31 .av-image-caption-overlay-center{\ncolor:#ffffff;\n}\n<\/style>\n<div  class='avia-image-container av-1xido-1a69df4f3411aeb6503ade09e52ddc31 av-styling- av-img-linked avia-align-left  avia-builder-el-6  el_before_av_hr  avia-builder-el-first '   itemprop=\"image\" itemscope=\"itemscope\" itemtype=\"https:\/\/schema.org\/ImageObject\" ><div class=\"avia-image-container-inner\"><div class=\"avia-image-overlay-wrap\"><a href=\"https:\/\/puchegger.com\/wp-content\/uploads\/2021\/09\/img_pugo_lichtleiter11.jpg\" data-srcset=\"https:\/\/puchegger.com\/wp-content\/uploads\/2021\/09\/img_pugo_lichtleiter11.jpg 1024w, https:\/\/puchegger.com\/wp-content\/uploads\/2021\/09\/img_pugo_lichtleiter11-300x187.jpg 300w, https:\/\/puchegger.com\/wp-content\/uploads\/2021\/09\/img_pugo_lichtleiter11-768x479.jpg 768w, https:\/\/puchegger.com\/wp-content\/uploads\/2021\/09\/img_pugo_lichtleiter11-705x439.jpg 705w\" data-sizes=\"(max-width: 1024px) 100vw, 1024px\" class='avia_image '  aria-label='img_pugo_lichtleiter11'><img decoding=\"async\" fetchpriority=\"high\" class='wp-image-1043 avia-img-lazy-loading-not-1043 avia_image ' src=\"https:\/\/puchegger.com\/wp-content\/uploads\/2021\/09\/img_pugo_lichtleiter11.jpg\" alt='' title='img_pugo_lichtleiter11'  height=\"638\" width=\"1024\"  itemprop=\"thumbnailUrl\" srcset=\"https:\/\/puchegger.com\/wp-content\/uploads\/2021\/09\/img_pugo_lichtleiter11.jpg 1024w, https:\/\/puchegger.com\/wp-content\/uploads\/2021\/09\/img_pugo_lichtleiter11-300x187.jpg 300w, https:\/\/puchegger.com\/wp-content\/uploads\/2021\/09\/img_pugo_lichtleiter11-768x479.jpg 768w, https:\/\/puchegger.com\/wp-content\/uploads\/2021\/09\/img_pugo_lichtleiter11-705x439.jpg 705w\" sizes=\"(max-width: 1024px) 100vw, 1024px\" \/><\/a><\/div><\/div><\/div><br \/>\n\n<style type=\"text\/css\" data-created_by=\"avia_inline_auto\" id=\"style-css-av-1jwn4-30272dad41c602b9da589535f75e25c0\">\n#top .hr.hr-invisible.av-1jwn4-30272dad41c602b9da589535f75e25c0{\nheight:22px;\n}\n<\/style>\n<div  class='hr av-1jwn4-30272dad41c602b9da589535f75e25c0 hr-invisible  avia-builder-el-7  el_after_av_image  el_before_av_textblock '><span class='hr-inner '><span class=\"hr-inner-style\"><\/span><\/span><\/div><br \/>\n<section  class='av_textblock_section av-14ih4-bd2f22c7b5874b340a57dffa96951f0b '   itemscope=\"itemscope\" itemtype=\"https:\/\/schema.org\/CreativeWork\" ><div class='avia_textblock'  itemprop=\"text\" ><p>Sofern m\u00f6glich, reparieren wir auch besch\u00e4digte Lichtleiter bzw. Lichtleiterb\u00fcndel. Meist ist das nur bei langen und teuren Lichtleitern sinnvoll. Die Reparatur wird durch K\u00fcrzen des Lichtleiters, Anfertigung neuer Endst\u00fccke, Verklebung der Lichtleiter mit den Endst\u00fccken sowie Schleifen und Polieren der Endfl\u00e4chen, erreicht. Kunststoff-Lichtleiter k\u00f6nnen wir selbst reparieren, Glas- und Quarz-Lichtleiter lassen wir von einem Partnerunternehmen reparieren. Wenn Sie ein Problem mit einem besch\u00e4digten oder gebrochenen Lichtleiter haben, sprechen Sie uns darauf an.<\/p>\n<h4><\/h4>\n<\/div><\/section><\/p><\/div>\n","protected":false},"excerpt":{"rendered":"","protected":false},"author":1,"featured_media":0,"parent":0,"menu_order":0,"comment_status":"open","ping_status":"open","template":"","meta":{"footnotes":""},"class_list":["post-84","page","type-page","status-publish","hentry"],"_links":{"self":[{"href":"https:\/\/puchegger.com\/index.php?rest_route=\/wp\/v2\/pages\/84","targetHints":{"allow":["GET"]}}],"collection":[{"href":"https:\/\/puchegger.com\/index.php?rest_route=\/wp\/v2\/pages"}],"about":[{"href":"https:\/\/puchegger.com\/index.php?rest_route=\/wp\/v2\/types\/page"}],"author":[{"embeddable":true,"href":"https:\/\/puchegger.com\/index.php?rest_route=\/wp\/v2\/users\/1"}],"replies":[{"embeddable":true,"href":"https:\/\/puchegger.com\/index.php?rest_route=%2Fwp%2Fv2%2Fcomments&post=84"}],"version-history":[{"count":1,"href":"https:\/\/puchegger.com\/index.php?rest_route=\/wp\/v2\/pages\/84\/revisions"}],"predecessor-version":[{"id":1179,"href":"https:\/\/puchegger.com\/index.php?rest_route=\/wp\/v2\/pages\/84\/revisions\/1179"}],"wp:attachment":[{"href":"https:\/\/puchegger.com\/index.php?rest_route=%2Fwp%2Fv2%2Fmedia&parent=84"}],"curies":[{"name":"wp","href":"https:\/\/api.w.org\/{rel}","templated":true}]}}